housands digit of 1798651?
9
What is the tens digit of 15645366?
6
What is the millions digit of 36068069?
6
What is the thousands digit of 10944610?
4
What is the ten thousands digit of 4274847?
7
What is the tens digit of 2966089?
8
What is the ten thousands digit of 63294?
6
What is the units digit of 6515984?
4
What is the millions digit of 5061883?
5
What is the tens digit of 881893?
9
What is the hundred thousands digit of 10298606?
2
What is the thousands digit of 5593327?
3
What is the hundreds digit of 194512?
5
What is the ten thousands digit of 106237?
0
What is the thousands digit of 259407?
9
What is the units digit of 5479417?
7
What is the hundreds digit of 1262290?
2
What is the hundreds digit of 5289362?
3
What is the thousands digit of 3207419?
7
What is the hundred thousands digit of 15352409?
3
What is the units digit of 352666?
6
What is the units digit of 3329328?
8
What is the hundreds digit of 12341543?
5
What is the ten thousands digit of 804159?
0
What is the ten thousands digit of 90176?
9
What is the hundred thousands digit of 35154962?
1
What is the hundreds digit of 145484?
4
What is the hundred thousands digit of 379552?
3
What is the hundred thousands digit of 1958960?
9
What is the ten thousands digit of 5760216?
6
What is the thousands digit of 4921094?
1
What is the ten thousands digit of 1395875?
9
What is the hundreds digit of 161589?
5
What is the hundreds digit of 798901?
9
What is the hundred thousands digit of 422664?
4
What is the ten thousands digit of 26168172?
6
What is the thousands digit of 1222764?
2
What is the hundreds digit of 1973566?
5
What is the ten thousands digit of 585653?
8
What is the tens digit of 10811220?
2
What is the hundred thousands digit of 14599347?
5
What is the hundreds digit of 321534?
5
What is the tens digit of 23380573?
7
What is the hundred thousands digit of 18880959?
8
What is the tens digit of 368482?
8
What is the units digit of 408820?
0
What is the hundreds digit of 1815438?
4
What is the thousands digit of 376630?
6
What is the thousands digit of 192007?
2
What is the hundreds digit of 514477?
4
What is the hundreds digit of 106268?
2
What is the thousands digit of 517820?
7
What is the ten thousands digit of 1298473?
9
What is the hundred thousands digit of 943040?
9
What is the hundred thousands digit of 195580?
1
What is the millions digit of 18756879?
8
What is the thousands digit of 843815?
3
What is the units digit of 386477?
7
What is the ten millions digit of 35929416?
3
What is the units digit of 1440730?
0
What is the tens digit of 1665402?
0
What is the units digit of 1019883?
3
What is the hundred thousands digit of 2246425?
2
What is the tens digit of 8616657?
5
What is the units digit of 631250?
0
What is the units digit of 1235687?
7
What is the ten thousands digit of 1459092?
5
What is the thousands digit of 336120?
6
What is the units digit of 168718?
8
What is the hundred thousands digit of 3870782?
8
What is the thousands digit of 4621?
4
What is the hundreds digit of 467900?
9
What is the units digit of 191456?
6
What is the hundreds digit of 763853?
8
What is the hundred thousands digit of 16083667?
0
What is the ten thousands digit of 232373?
3
What is the units digit of 766073?
3
What is the hundred thousands digit of 15317824?
3
What is the hundreds digit of 34552?
5
What is the hundreds digit of 191107?
1
What is the hundred thousands digit of 593552?
5
What is the units digit of 225963?
3
What is the thousands digit of 7918190?
8
What is the hundreds digit of 11272149?
1
What is the thousands digit of 7732437?
2
What is the hundreds digit of 1518294?
2
What is the tens digit of 1035863?
6
What is the units digit of 313847?
7
What is the hundred thousands digit of 185705?
1
What is the hundred thousands digit of 130652?
1
What is the units digit of 3260243?
3
What is the ten thousands digit of 7596760?
9
What is the ten thousands digit of 3547855?
4
What is the millions digit of 1413973?
1
What is the ten thousands digit of 348816?
4
What is the hundred thousands digit of 844545?
8
What is the tens digit of 91578?
7
What is the thousands digit of 1668506?
8
What is the thousands digit of 1819422?
9
What is the thousands digit of 7170259?
0
What is the ten thousands digit of 1949242?
4
What is the tens digit of 19015?
1
What is the ten thousands digit of 46220?
4
What is the hundreds digit of 27316602?
6
What is the ten thousands digit of 544459?
4
What is the hundred thousands digit of 483648?
4
What is the hundreds digit of 455988?
9
What is the hundred thousands digit of 1851559?
8
What is the millions digit of 9307623?
9
What is the thousands digit of 5407264?
7
What is the millions digit of 2087850?
2
What is the hundred thousands digit of 180647?
1
What is the hundreds digit of 5242549?
5
What is the ten thousands digit of 361238?
6
What is the hundreds digit of 259691?
6
What is the hundreds digit of 526154?
1
What is the units digit of 364020?
0
What is the hundred thousands digit of 109829?
1
What is the hundreds digit of 1290865?
8
What is the thousands digit of 7060146?
0
What is the ten thousands digit of 442508?
4
What is the hundreds digit of 9323574?
5
What is the units digit of 295054?
4
What is the thousands digit of 370137?
0
What is the hundreds digit of 222202?
2
What is the units digit of 1485239?
9
What is the ten thousands digit of 4213051?
1
What is the hundreds digit of 972227?
2
What is the tens digit of 50803?
0
What is the tens digit of 2317387?
8
What is the millions digit of 2480972?
2
What is the tens digit of 635071?
7
What is the hundreds digit of 3712668?
6
What is the units digit of 187753?
3
What is the tens digit of 561188?
8
What is the thousands digit of 1784845?
4
What is the ten thousands digit of 2735130?
3
What is the ten thousands digit of 10390139?
9
What is the thousands digit of 116521?
6
What is the millions digit of 7317057?
7
What is the units digit of 79686?
6
What is the ten thousands digit of 1321127?
2
What is the hundreds digit of 179364?
3
What is the thousands digit of 1056868?
6
What is the hundred thousands digit of 829572?
8
What is the ten thousands digit of 26692590?
9
What is the thousands digit of 331538?
1
What is the ten thousands digit of 60889?
6
What is the hundreds digit of 299780?
7
What is the tens digit of 41990632?
3
What is the units digit of 165760?
0
What is the thousands digit of 174417?
4
What is the hundred thousands digit of 385035?
3
What is the millions digit of 1034131?
1
What is the thousands digit of 717802?
7
What is the units digit of 287740?
0
What is the hundred thousands digit of 454598?
4
What is the tens digit of 24583367?
6
What is the ten millions digit of 20890265?
2
What is the units digit of 46187?
7
What is the millions digit of 10391078?
0
What is the ten millions digit of 10297535?
1
What is the tens digit of 183192?
9
What is the hundred thousands digit of 119936?
1
What is the hundreds digit of 57597?
5
What is the units digit of 564211?
1
What is the hundred thousands digit of 9161523?
1
What is the ten thousands digit of 2423429?
2
What is the thousands digit of 1120698?
0
What is the tens digit of 1210331?
3
What is the hundred thousands digit of 3206671?
2
What is the thousands digit of 7048303?
8
What is the hundred thousands digit of 2403294?
4
What is the units digit of 1238123?
3
What is the tens digit of 173418?
1
What is the hundreds digit of 853757?
7
What is the hundred thousands digit of 16081129?
0
What is the hundred thousands digit of 6156224?
1
What is the hundred thousands digit of 124658?
1
What is the hundred thousands digit of 240311?
2
What is the thousands digit of 1411451?
1
What is the hundreds digit of 365260?
2
What is the units digit of 1154433?
3
What is the tens digit of 403068?
6
What is the units digit of 69589?
9
What is the hundred thousands digit of 525402?
5
What is the tens digit of 432245?
4
What is the hundred thousands digit of 737747?
7
What is the tens digit of 404110?
1
What is the tens digit of 359936?
3
What is the tens digit of 137832?
3
What is the hundred thousands digit of 1470693?
4
What is the millions digit of 14892942?
4
What is the tens digit of 142035?
3
What is the thousands di